Is 21 a factor of 166845?
True
Is 137 a factor of 20218734?
True
Does 30 divide 5760536?
False
Is 72261 a multiple of 154?
False
Does 28 divide 2433004?
True
Is 109 a factor of 1631512?
True
Does 109 divide 6805742?
True
Is 136 a factor of 114833?
False
Is 10234 a multiple of 34?
True
Is 157500 a multiple of 12?
True
Is 9540363 a multiple of 1246?
False
Does 12 divide 12204?
True
Is 249 a factor of 6592275?
True
Does 344 divide 212038?
False
Does 358 divide 2589924?
False
Is 389 a factor of 17505?
True
Is 9 a factor of 770933?
False
Is 259200 a multiple of 25?
True
Is 187452 a multiple of 127?
True
Is 924585 a multiple of 5?
True
Is 19400273 a multiple of 1775?
False
Is 370 a factor of 173530?
True
Is 5 a factor of 2337335?
True
Does 41 divide 8509?
False
Does 57 divide 17901?
False
Is 25 a factor of 246350?
True
Is 655 a factor of 241040?
True
Is 3832 a multiple of 769?
False
Is 973930 a multiple of 11?
False
Is 3776220 a multiple of 14?
True
Does 26 divide 2210966?
False
Does 685 divide 13144511?
False
Does 10 divide 100819?
False
Does 10 divide 7854734?
False
Is 5279932 a multiple of 538?
True
Does 34 divide 990488?
True
Is 5 a factor of 2967265?
True
Is 1095 a factor of 1286648?
False
Is 705188 a multiple of 22?
True
Is 23664 even?
True
Is 12693120 a multiple of 10?
True
Does 128 divide 1111466?
False
Is 95 a factor of 601445?
True
Is 135 a factor of 326592?
False
Is 341523 a multiple of 149?
False
Is 270480 a multiple of 12?
True
Does 211 divide 8516?
False
Does 5 divide 757625?
True
Is 7017744 a multiple of 35?
False
Is 6180 a multiple of 309?
True
Is 9798 a multiple of 138?
True
Is 74340 a multiple of 6?
True
Does 5 divide 344982?
False
Is 242 a factor of 3290232?
True
Does 586 divide 824502?
True
Is 22 a factor of 400717?
False
Is 14025347 a multiple of 388?
False
Is 7 a factor of 10158297?
False
Is 56141 a multiple of 5?
False
Is 18 a factor of 1957914?
True
Is 248183 a multiple of 2?
False
Does 19 divide 851826?
False
Is 344 a factor of 576888?
True
Is 111 a factor of 231550?
False
Is 2 a factor of 32056?
True
Is 35041 a multiple of 16?
False
Is 2 a factor of 23109?
False
Is 117038 a multiple of 27?
False
Does 16 divide 5863216?
True
Does 75 divide 275625?
True
Is 9 a factor of 98208?
True
Is 99 a factor of 231660?
True
Does 15 divide 1234941?
False
Is 71183 a multiple of 7?
True
Is 8 a factor of 35034?
False
Is 710 a factor of 228620?
True
Does 327 divide 9750019?
False
Is 1035980 a multiple of 20?
True
Is 21 a factor of 827547?
True
Is 41970 even?
True
Is 19 a factor of 779133?
True
Is 69 a factor of 2559141?
True
Is 57 a factor of 192204?
True
Does 622 divide 3190619?
False
Is 3438320 a multiple of 16?
True
Is 1028350 a multiple of 157?
True
Does 6 divide 129263?
False
Is 141 a factor of 48504?
True
Does 25 divide 10650750?
True
Is 95 a factor of 47457?
False
Does 22 divide 153905?
False
Does 55 divide 570401?
False
Does 19 divide 260734?
False
Does 19 divide 2311966?
False
Is 8 a factor of 83371?
False
Does 6 divide 1658229?
False
Is 3896004 a multiple of 21?
True
Is 8 a factor of 861759?
False
Does 37 divide 1052206?
True
Is 14 a factor of 289079?
False
Is 6 a factor of 1205275?
False
Is 1361 a factor of 25469021?
False
Does 8 divide 3208081?
False
Does 101 divide 327220?
False
Is 1302042 a multiple of 42?
True
Is 523 a factor of 1989304?
False
Is 4416971 a multiple of 13?
True
Does 79 divide 185180?
False
Is 10 a factor of 18814870?
True
Is 474399 a multiple of 9?
True
Does 35 divide 222845?
True
Is 313090 a multiple of 12?
False
Is 1236099 a multiple of 6?
False
Is 34362 a multiple of 5?
False
Does 71 divide 1496822?
True
Does 16 divide 123260?
False
Is 524 a factor of 44456?
False
Is 625904 a multiple of 4?
True
Does 40 divide 124520?
True
Does 39 divide 8294013?
True
Is 549 a factor of 4985623?
False
Does 58 divide 2988914?
True
Does 10 divide 148777?
False
Is 181272 a multiple of 14?
True
Is 579 a factor of 2513083?
False
Does 21 divide 318150?
True
Is 210490 a multiple of 310?
True
Does 55 divide 2180860?
True
Is 289959 a multiple of 28?
False
Is 3401403 a multiple of 115?
False
Is 10 a factor of 2595090?
True
Is 4727905 a multiple of 7?
True
Is 553884 a multiple of 404?
True
Does 9 divide 157938?
False
Is 45 a factor of 108180?
True
Is 44344 a multiple of 4?
True
Is 9 a factor of 2028114?
True
Does 3 divide 173199?
True
Is 553 a factor of 2714579?
False
Is 223 a factor of 2044018?
True
Is 134330 a multiple of 134?
False
Is 1170455 a multiple of 6?
False
Is 2549304 a multiple of 972?
False
Is 195 a factor of 310830?
True
Is 540537 a multiple of 17?
False
Is 507 a factor of 290004?
True
Is 266192 a multiple of 254?
True
Is 13 a factor of 94471?
True
Does 222 divide 976134?
True
Is 581 a factor of 265706?
False
Is 3141338 a multiple of 1189?
True
Is 154973 a multiple of 91?
True
Does 92 divide 5731871?
False
Is 772 a factor of 713555?
False
Does 50 divide 444200?
True
Does 15 divide 120450?
True
Is 18 a factor of 261123?
False
Is 13 a factor of 541853?
True
Does 803 divide 1317371?
False
Does 50 divide 5358250?
True
Does 96 divide 3508320?
True
Is 4081194 a multiple of 321?
True
Does 82 divide 13885?
False
Is 10 a factor of 15138454?
False
Is 498353 a multiple of 10?
False
Is 297 a factor of 1996731?
True
Does 123 divide 12367?
False
Is 563301 a multiple of 279?
True
Is 166650 a multiple of 175?
False
Does 167 divide 250500?
True
Is 4212 a multiple of 119?
False
Is 43 a factor of 4875297?
True
Is 12 a factor of 1675404?
True
Is 3912601 a multiple of 1309?
True
Does 9 divide 7482790?
False
Is 466640 a multiple of 19?
True
Does 54 divide 42853?
False
Does 216 divide 1276560?
True
Is 5203616 a multiple of 13?
False
Is 81162 a multiple of 18?
True
Is 800280 a multiple of 195?
True
Is 8 a factor of 46690?
False
Is 22892078 a multiple of 106?
True
Is 579230 a multiple of 10?
True
Is 389215 a multiple of 54?
False
Is 465925 a multiple of 164?
False
Is 38122 a multiple of 373?
False
Does 106 divide 6595370?
False
Is 971907 a multiple of 177?
True
Does 86 divide 485774?
False
Is 924224 a multiple of 64?
True
Is 25 a factor of 146448?
False
Is 20781 a multiple of 3?
True
Is 117321 a multiple of 23?
False
Is 23643152 a multiple of 100?
False
Is 542671 a multiple of 79?
False
Is 5 a factor of 284351?
False
Is 112 a factor of 264544?
True
Is 146313 a multiple of 6?
False
Does 23 divide 87699?
True
Does 430 divide 152220?
True
Is 9826326 a multiple of 15?
False
Does 748 divide 2676572?
False
Is 645440 a multiple of 80?
True
Is 118636 a multiple of 19?
True
Does 79 divide 52377?
True
Does 188 divide 555276?
False
Is 212681 a multiple of 23?
True
Does 40 divide 835740?
False
Does 215 divide 238435?
True
Is 159 a factor of 1662822?
True
Is 160 a factor of 629098?
False
Does 506 divide 7351674?
True
Is 50 a factor of 2943458?
False
Does 142 divide 69882?
False
Does 50 divide 1453900?
True
Is 7 a factor of 217854?
True
Is 81 a factor of 402479?
False
Does 176 divide 812859?
False
Does 997 divide 1920222?
True
Does 42 divide 5140190?
False
Is 99118 a multiple of 26?
False
Does 760 divide 24104920?
True
Does 53 divide 22126?
False
Is 45 a factor of 36585?
True
Does 3 divide 24369?
True
Is 110 a factor of 4667195?
False
Is 22 a factor of 203645?
False
Is 2575530 a multiple of 135?
True
Is 153 a factor of 16268031?
True
Does 134 divide 470072?
True
Is 21 a factor of 2031645?
True
Is 33806 a multiple of 9?
False
Is 276 a factor of 171915?
False
Is 566697 a multiple of 129?
True
Is 37 a factor of 145854?
True
Is 12720940 a multiple of 26?
False
Is 205541 a multiple of 99?
False
Does 3 divide 1961?
False
Is 34 a factor of 3186140?
True
Does 33 divide 2649174?
True
Does 357 divide 483378?
True
Is 674422 a multiple of 134?
True
Is 25 a factor of 915625?
True
Does 198 divide 616158?
False
Is 863501 a multiple of 125?
False
Does 6 divide 1434049?
False
Does 66 divide 453274?
False
Does 15 divide 175365?
True
Does 2 divide 631264?
True
Is 6484463 a multiple of 24?
False
Is 15315633 a multiple of 349?
False
Is 128 a factor of 321920?
True
Is 117687 a multiple of 34?
False
Is 8 a factor of 416?
True
Is 149260 a multiple of 340?
True
Does 67 divide 57888?
True
Is 88 a factor of 1434105?
False
Does 11 divide 21175?
True
Is 322420 a multiple of 343?
True
